rue
Is 5668104601 a composite number?
True
Is 917988509 a prime number?
True
Is 23256189851 prime?
True
Is 3368887981 a composite number?
False
Is 26936879591 composite?
True
Is 601477001 a composite number?
True
Is 426869411 a prime number?
False
Is 1196584121 prime?
True
Is 4758689459 prime?
False
Is 296210289 a prime number?
False
Is 1928555027 prime?
False
Is 432841091 a prime number?
True
Is 95077938463 prime?
False
Is 2969845567 a prime number?
False
Is 1133267131 a composite number?
False
Is 3251124341 composite?
True
Is 82158386701 composite?
True
Is 3579834871 a prime number?
True
Is 1622414071 a composite number?
True
Is 11728960283 prime?
False
Is 259765189351 a composite number?
True
Is 387095021 a composite number?
True
Is 9449411221 a composite number?
False
Is 37075738241 a prime number?
True
Is 4449065221 composite?
False
Is 17455366211 composite?
True
Is 1138318 a prime number?
False
Is 2345300689 composite?
True
Is 2097579353 composite?
False
Is 57557 a composite number?
False
Is 1648131063 prime?
False
Is 1868245853 composite?
True
Is 9192677843 prime?
False
Is 1197334451 a prime number?
False
Is 32883346513 prime?
False
Is 18762302483 a prime number?
False
Is 1191183907 a prime number?
True
Is 1581124579 a composite number?
False
Is 8418746387 composite?
False
Is 1537373557 prime?
True
Is 466081019 composite?
False
Is 4170914221 a prime number?
False
Is 396394003 a composite number?
False
Is 118866334 a prime number?
False
Is 966787643 a prime number?
True
Is 11616171521 prime?
False
Is 539729263 a prime number?
False
Is 76125359 composite?
True
Is 1791748879 composite?
False
Is 213459443 a prime number?
False
Is 76032787 composite?
False
Is 1005388799 composite?
True
Is 2514481931 a composite number?
True
Is 2565786409 composite?
False
Is 1245927167 prime?
True
Is 4834729063 a composite number?
True
Is 254108994401 a composite number?
False
Is 7652810051 a composite number?
False
Is 5881931869 prime?
False
Is 5553852167 composite?
False
Is 26266967 a composite number?
False
Is 24465839785 a prime number?
False
Is 4275301907 prime?
True
Is 3096529 prime?
True
Is 25057843561 prime?
False
Is 627627821 a prime number?
True
Is 571280849 a composite number?
True
Is 348411319 a prime number?
False
Is 6990572971 prime?
False
Is 3469517669 a composite number?
True
Is 4764179843 prime?
True
Is 8535671371 a composite number?
False
Is 6475662143 composite?
False
Is 2030826907 a prime number?
False
Is 10908613351 a composite number?
True
Is 3261927769 a prime number?
True
Is 2383895809 prime?
True
Is 2526127809 a composite number?
True
Is 2100129587 a prime number?
True
Is 1564052687 a prime number?
False
Is 41173733639 composite?
False
Is 2173223329 a composite number?
False
Is 7654568357 a prime number?
False
Is 535991983 a composite number?
False
Is 5872811947 a prime number?
False
Is 1375184561 a prime number?
False
Is 22972705373 composite?
True
Is 31722404762 prime?
False
Is 157327679 prime?
True
Is 2261363389 a composite number?
True
Is 6864113287 a composite number?
False
Is 4933458683 prime?
True
Is 10753890343 composite?
True
Is 1332964609 a composite number?
True
Is 763244297 a composite number?
False
Is 887614961 a prime number?
True
Is 5514999077 composite?
True
Is 111608604133 a composite number?
True
Is 1783850753 a prime number?
True
Is 897202979 a prime number?
True
Is 17679533857 prime?
False
Is 306342667 prime?
True
Is 27495912805 composite?
True
Is 41839181859 composite?
True
Is 383281019 a composite number?
True
Is 54290915949 composite?
True
Is 1649666503 a composite number?
False
Is 127708123 a prime number?
True
Is 3536560873 a prime number?
True
Is 631153034 prime?
False
Is 9806482223 a composite number?
False
Is 3435444139 composite?
True
Is 1359524861 prime?
True
Is 320554019 a prime number?
False
Is 13477627099 a prime number?
True
Is 9894321755 prime?
False
Is 1424650693 a prime number?
True
Is 2613477219 a composite number?
True
Is 349217253383 composite?
False
Is 41645509163 composite?
False
Is 237343111 a prime number?
True
Is 70569223913 a prime number?
False
Is 5269114853 prime?
True
Is 52158188521 prime?
False
Is 146857727 prime?
True
Is 59983711 a prime number?
False
Is 5260101533 a prime number?
False
Is 663673541 a composite number?
False
Is 3617664551 a prime number?
False
Is 528761887 a prime number?
False
Is 3871369366 prime?
False
Is 27769735219 a composite number?
False
Is 11103803 a composite number?
False
Is 61625521 a prime number?
True
Is 60762953 composite?
False
Is 11837339 a prime number?
True
Is 109319776879 composite?
False
Is 22417109339 a prime number?
True
Is 426337847 prime?
False
Is 1619855527 a prime number?
False
Is 7000557295 composite?
True
Is 83927268853 a prime number?
True
Is 779868269 composite?
False
Is 17037634973 composite?
False
Is 781767989 a prime number?
False
Is 147497153 a composite number?
False
Is 1984561159 composite?
True
Is 92139810991 composite?
False
Is 1525844329 composite?
False
Is 225968101 prime?
True
Is 19867464223 prime?
True
Is 1353577787 a prime number?
False
Is 52268089 prime?
False
Is 33163297 prime?
True
Is 4270893841 composite?
False
Is 7295221653 a composite number?
True
Is 146594807 prime?
True
Is 11719955809 a prime number?
False
Is 31744066019 a composite number?
True
Is 683435861 a prime number?
False
Is 13359815809 prime?
True
Is 5454575081 prime?
False
Is 198382993 a composite number?
False
Is 234140271083 a prime number?
False
Is 22558603 composite?
True
Is 46158661079 a prime number?
True
Is 52537534471 composite?
False
Is 9651656723 prime?
True
Is 2790552827 prime?
True
Is 4256298461 a composite number?
False
Is 20733915149 composite?
False
Is 100313081111 composite?
False
Is 1149397031 composite?
True
Is 2168952499 composite?
True
Is 701180609 composite?
False
Is 12083778209 a prime number?
False
Is 45195156581 a composite number?
False
Is 1337436281 prime?
False
Is 3830563885 composite?
True
Is 421268593 a prime number?
True
Is 7076283389 a composite number?
True
Is 214373147255 a prime number?
False
Is 2396324681 composite?
False
Is 11818561669 composite?
True
Is 1548415969 prime?
False
Is 1826221249 a composite number?
True
Is 7576057709 prime?
False
Is 3496114159 a composite number?
False
Is 16379946211 prime?
False
Is 2251519421 a prime number?
False
Is 29589323749 composite?
False
Is 41037263 a composite number?
True
Is 738917401 a prime number?
True
Is 10426041047 composite?
False
Is 5364229439 a prime number?
True
Is 15745888885 a prime number?
False
Is 428250013 a prime number?
False
Is 1325189391 a composite number?
True
Is 119087237189 composite?
True
Is 12438870061 a composite number?
True
Is 87430519651 prime?
False
Is 4069284311 composite?
False
Is 12136056419 a prime number?
True
Is 924283586 a prime number?
False
Is 1343446483 a composite number?
True
Is 831163633 a composite number?
False
Is 163192207 a composite number?
False
Is 591614698697 a composite number?
True
Is 18813661897 a composite number?
False
Is 3585316547 a composite number?
True
Is 23588139983 a composite number?
False
Is 5301209227 prime?
True
Is 1431670561 composite?
False
Is 1750180667 a prime number?
True
Is 1086014131 prime?
False
Is 402405599 prime?
False
Is 4359200393 prime?
False
Is 42709429463 prime?
False
Is 37053055493 a composite number?
True
Is 14860153307 composite?
False
Is 16461699607 a composite number?
True
Is 5750463067 a prime number?
False
Is 25615299631 composite?
False
Is 4732760951 prime?
False
Is 13846792943 composite?
False
Is 42883292913 prime?
False
Is 20169209497 composite?
True
Is 20067055823 composite?
True
Is 417356377 composite?
False
Is 2296197889 a prime number?
True
Is 31836391529 a prime number?
True
Is 4712135237 a composite number?
False
Is 3008511631 a prime number?
True
Is 1020450373 prime?
True
Is 6086555403 a composite number?
True
Is 1208570359 a prime number?
True
Is 1060936831 a composite number?
False
Is 1105393007 a prime number?
False
Is 1568637857 a prime number?
False
Is 6247768097 a composite number?
False
Is 1561700591 a composite number?
True
Is 9458940511 composite?
False
Is 1457076859 composite?
True
Is 37864703 prime?
True
Is 50166883561 composite?
True
Is 4076513867 prime?
True
Is 1430691